ase 13, what is -2689 - c86b?
-12227
In base 16, what is 5b50f - b?
5b504
In base 3, what is 222210001 - -2121221?
1002101222
In base 5, what is 42123300441 + -12?
42123300424
In base 5, what is 3134441442004 - 3?
3134441442001
In base 9, what is 255 - -2004225?
2004481
In base 5, what is -4340140 - -4414?
-4330221
In base 9, what is 4 + 1036842?
1036846
In base 7, what is -2 - 2231253455?
-2231253460
In base 8, what is -250 - 1314124?
-1314374
In base 2, what is 111 - -10001100000111010010100000?
10001100000111010010100111
In base 11, what is -98a0 - 1473?
-10263
In base 15, what is c61 - 17da?
-a79
In base 8, what is 7 + -67727461?
-67727452
In base 15, what is -8aba + -3ca?
-8e95
In base 16, what is 399ca3 - -9?
399cac
In base 8, what is 31450356 + 5?
31450363
In base 14, what is -19176 - -306?
-18c70
In base 5, what is 1414 - 3402414?
-3401000
In base 7, what is 450412 - -523?
451235
In base 6, what is 1054050 - -51?
1054141
In base 15, what is 531d - 6a84?
-1766
In base 11, what is 164 - -56091?
56245
In base 3, what is 1 - 1010122100122202?
-1010122100122201
In base 13, what is b0435 + 4cc?
b0934
In base 6, what is 3111 - 1153343?
-1150232
In base 16, what is 1e - 7589b?
-7587d
In base 11, what is -81223 + 88?
-81146
In base 2, what is 1011011001000001001 + 1010?
1011011001000010011
In base 13, what is -3385 - -5a5?
-2ab0
In base 16, what is 39 - e8f1?
-e8b8
In base 15, what is -41d81648 + 4?
-41d81644
In base 13, what is -7675 + -104?
-7779
In base 12, what is -2a74780 - 1?
-2a74781
In base 15, what is 76 + edce5?
edd6b
In base 6, what is 15 + 222153414?
222153433
In base 2, what is -1000 + 11011110101010001001100?
11011110101010001000100
In base 3, what is -2101001201212210 - 20?
-2101001201220000
In base 12, what is 5ab29 - 179?
5a970
In base 6, what is 1044235500 + 21?
1044235521
In base 15, what is 9a - 1d0499?
-1d03ee
In base 15, what is d + 519043?
519051
In base 13, what is -51718b74 + -3?
-51718b77
In base 10, what is -113466 + -336?
-113802
In base 7, what is -1233 + -20445?
-22011
In base 8, what is 25223555 - -4?
25223561
In base 6, what is -123503345 - 5?
-123503354
In base 13, what is 16ba + -337?
1383
In base 16, what is 4 - -1cc0c7?
1cc0cb
In base 5, what is -34 + 14300332432?
14300332343
In base 16, what is 41 + 552ed?
5532e
In base 11, what is 13a590399 + 2?
13a5903a0
In base 11, what is 3 + 144179303?
144179306
In base 15, what is 36a897d + 1?
36a897e
In base 16, what is 2 - -f28e82?
f28e84
In base 13, what is 4 - -1bcbc?
1bcc3
In base 15, what is 434a + 3aa3?
7ded
In base 12, what is -24b67 - -6140?
-1aa27
In base 13, what is -1508 - -44273?
42a68
In base 16, what is 437d + 3b6?
4733
In base 16, what is -1f7 + 1df86?
1dd8f
In base 7, what is 2261064 + 16?
2261113
In base 13, what is -3 - 562aa4?
-562aa7
In base 15, what is 97b5 - 891?
8e24
In base 14, what is -532ba - 8?
-532c4
In base 13, what is 469 + -23bb?
-1c52
In base 15, what is c1 - -886c?
893d
In base 13, what is 3155 - -7b58?
acb0
In base 8, what is -1 + -201776264?
-201776265
In base 7, what is 23 - -1323025?
1323051
In base 14, what is 28d - 5adb5?
-5ab26
In base 2, what is 111010100111 + 1010000110000?
10001011010111
In base 13, what is 337c361 - -4?
337c365
In base 10, what is -790 + -3788?
-4578
In base 16, what is 9b - 181?
-e6
In base 5, what is 4431040 + -1330?
4424210
In base 6, what is -40343033 + -3?
-40343040
In base 6, what is -454102 + 431?
-453231
In base 10, what is 69 + -750750?
-750681
In base 14, what is -28d3 - 92?
-2985
In base 2, what is -100001011 + 1011011101000100?
1011011000111001
In base 5, what is -11323123432 + -21?
-11323124003
In base 14, what is 3 + -6294087?
-6294084
In base 14, what is 3314c2 + 4?
3314c6
In base 6, what is -101035 + -11322?
-112401
In base 15, what is 58cd147 + 3?
58cd14a
In base 9, what is 2366537 - -17?
2366555
In base 11, what is 79 + -30898?
-3081a
In base 13, what is -27a32c + 18?
-27a314
In base 14, what is -699 + 1469?
bb0
In base 12, what is 1 + -242a4a7?
-242a4a6
In base 16, what is -1d99a09 - -2?
-1d99a07
In base 12, what is -1972 + -a39a?
-10150
In base 13, what is -c64 - 109c6?
-1195a
In base 14, what is 1 - 8833?
-8832
In base 6, what is 1513 + 451242?
453155
In base 11, what is -753092 + -2?
-753094
In base 14, what is -10416 + 37?
-103bd
In base 10, what is 6047 - 658?
5389
In base 7, what is -1052640 + -261?
-1053231
In base 16, what is -15 - -3b5020?
3b500b
In base 13, what is 43 + 2367972?
23679b5
In base 14, what is -83 + 3b35b?
3b2b8
In base 12, what is 4442 - -b428?
1386a
In base 8, what is 167036511 - -10?
167036521
In base 13, what is -5 + 1a0b3c67?
1a0b3c62
In base 5, what is -1 + 104331014?
104331013
In base 9, what is -15 + 1018725?
1018710
In base 16, what is 1d - -1a184?
1a1a1
In base 2, what is -110 + -1001111110101010000?
-1001111110101010110
In base 14, what is -20d - 1041d?
-1062c
In base 14, what is 1c73 + -538?
1739
In base 2, what is -1001101101100001001111 - 11?
-1001101101100001010010
In base 5, what is 1144110342 + 0?
1144110342
In base 6, what is -11122 + -2535513?
-2551035
In base 14, what is -3b + ac5c5a?
ac5c1d
In base 12, what is -4 - 1a017928?
-1a017930
In base 16, what is -55 + -228a8?
-228fd
In base 11, what is -1 - -22a0a21?
22a0a20
In base 7, what is 366 + -3413246?
-3412550
In base 8, what is -5 + -727514505?
-727514512
In base 13, what is -18b84c - 515?
-18c064
In base 4, what is 33330122000 + -21?
33330121313
In base 5, what is -201101 - -112312?
-33234
In base 10, what is -2530458 + 426?
-2530032
In base 6, what is -111 + -3331431?
-3331542
In base 8, what is 1173133027 + -2?
1173133025
In base 8, what is -434513 - -104?
-434407
In base 5, what is 41 - -112103433?
112104024
In base 8, what is 3212 - -27755?
33167
In base 8, what is 1140407 - 13?
1140374
In base 3, what is 122110000202111 + -2?
122110000202102
In base 5, what is 14101010024 - -2?
14101010031
In base 6, what is -1110441530 - -22?
-1110441504
In base 12, what is 1 + -193bb05?
-193bb04
In base 10, what is 8 - 1384400?
-1384392
In base 15, what is -c55acc3 - 3?
-c55acc6
In base 10, what is -177 + -392641?
-392818
In base 10, what is -4 + 38885227?
38885223
In base 3, what is -21121102001112 + -12?
-21121102001201
In base 7, what is 521031043 + -12?
521031031
In base 3, what is -11122200101 - -2022?
-11122121002
In base 11, what is -30a + -574a5?
-57804
In base 16, what is 1402 + -1619?
-217
In base 7, what is -2105 - 20165?
-22303
In base 8, what is -546070 + -15700?
-563770
In base 2, what is 1100110110100111011010110 - 0?
1100110110100111011010110
In base 11, what is 401419 + -82?
401347
In base 14, what is 53da - 1777?
3a63
In base 6, what is -4 - -41212343?
41212335
In base 14, what is 14 - -b5a493?
b5a4a7
In base 5, what is -3 - 24211012421?
-24211012424
In base 2, what is 1111001110110011001100 + 101?
1111001110110011010001
In base 4, what is -10 + -111123011333?
-111123012003
In base 2, what is -1000110101010 - 1100101010?
-1010011010100
In base 12, what is 155 - 71403?
-7126a
In base 14, what is 61c2 - -101?
62c3
In base 9, what is -111 + 17113?
17002
In base 8, what is -21 + 4727110?
4727067
In base 3, what is 221121102101 - -202?
221121110010
In base 4, what is -31 + -31031020121?
-31031020212
In base 8, what is 460657726 - 1?
460657725
In base 14, what is 1 - 1104bc?
-1104bb
In base 11, what is -5396530 - 4?
-5396534
In base 2, what is 10001000010010 - 10000100110001110?
-1110011101111100
In base 6, what is -203330130 - 5?
-203330135
In base 13, what is -6c8ab7 - -4a?
-6c8a6a
In base 15, what is -298ee4 + -2?
-298ee6
In base 16, what is -38 - -4caa?
4c72
In base 10, what is 788 - 566032?
-565244
In base 2, what is 1100 + -1110110111011011101110?
-1110110111011011100010
In base 15, what is 897 + -17bee?
-17357
In base 10, what is 545340 + -2?
545338
In base 8, what is 524 + -276136?
-275412
In base 11, what is 89494a8 - -20?
8949518
In base 3, what is 110201022 - -100122?
111001221
In base 16, what is -1137 + -980?
-1ab7
In base 6, what is 0 - 52202223?
-52202223
In base 13, what is -890 + 2903?
2043
In base 15, what is 2 + -76e2e05?
-76e2e03
In base 13, what is 3526 + 104c?
4575
In base 2, what is 1011011001011101111 + 101?
1011011001011110100
In base 10, what is 4069141 + -4?
40